{"id":135,"date":"2024-12-06T16:01:03","date_gmt":"2024-12-06T15:01:03","guid":{"rendered":"https:\/\/raycloud.de\/wpdev\/?post_type=product&#038;p=135"},"modified":"2025-04-02T11:50:04","modified_gmt":"2025-04-02T09:50:04","slug":"apelvo-komplett-paket","status":"publish","type":"product","link":"https:\/\/raycloud.de\/wpdev\/product\/apelvo-komplett-paket\/","title":{"rendered":"Apelvo-Komplett-Paket"},"content":{"rendered":"<p><span lang=\"en-GB\" data-olk-copy-source=\"MessageBody\">Apelvo nutzt bew\u00e4hrte EMG-Technologie. F\u00fcr das Training wird ein Sensor auf das Stei\u00dfbein geklebt. Via <span data-olk-copy-source=\"MessageBody\">Bluetooth<\/span>\u00ae wird das gemessene Muskelsignal an dein Smartphone \u00fcbertragen. So kannst du mit deiner Beckenbodenmuskulatur eine Vielzahl an motivierenden Spielen steuern.<\/span><\/p>\n<p><span lang=\"en-GB\" data-olk-copy-source=\"MessageBody\">Das Trainingssystem kann im Alltag genutzt werden z.B.: w\u00e4hrend der Busfahrt oder im Zug, im Wartezimmer, auf einer Parkbank, zu Hause auf der Couch etc.<\/span><\/p>\n<p><span lang=\"en-GB\"><strong>Unsere Trainingsempfehlung:<\/strong><br \/>\nUm sp\u00fcrbare Erfolge zu erzielen, solltest du kontinuierlich 3 mal pro Woche f\u00fcr 10 &#8211; 15 Minuten trainieren.<\/span><\/p>\n<p><strong><span lang=\"en-GB\">Jede Bewegung im Spiel ist eine Kontraktion deiner Beckenbodenmuskulatur: dein Training f\u00fcr mehr Wohlbefinden!<\/span><\/strong><\/p>\n<p>Die kostenlose Apelvo-App ist f\u00fcr <span data-olk-copy-source=\"MessageBody\">Android\u00ae und IOS\u00ae verf\u00fcgbar.<\/span><\/p>\n","protected":false},"excerpt":{"rendered":"<p>Apelvo ist ein digitales Beckenboden-Trainingssystem. Trainiert wird u. a. mit smarter Sensor-<br \/>\nTechnologie, die durch An- und Entspannung der Beckenbodenmuskulatur das Steuern von Spielen am Smartphone erm\u00f6glicht.<\/p>\n<p>Das Apelvo-Komplett-Paket besteht aus der SensorBox, einem Sensor &amp; Oberfl\u00e4chenelektroden sowie einem Ladekabel und einer praktischen Aufbewahrungstasche. Au\u00dferdem bekommst du vollen Zugriff auf die Apelvo-App mit vielen Spielen, die du ganz einfach mit deiner Beckenbodenmuskulatur steuern kannst. Keine versteckten Abo-Kosten!<\/p>\n","protected":false},"featured_media":192,"comment_status":"closed","ping_status":"closed","template":"","meta":[],"product_brand":[],"product_cat":[24],"product_tag":[],"class_list":{"0":"post-135","1":"product","2":"type-product","3":"status-publish","4":"has-post-thumbnail","6":"product_cat-apelvo","8":"first","9":"instock","10":"taxable","11":"shipping-taxable","12":"purchasable","13":"product-type-simple"},"yoast_head":"<!-- This site is optimized with the Yoast SEO plugin v25.6 - https:\/\/yoast.com\/wordpress\/plugins\/seo\/ -->\n<title>Apelvo-Komplett-Paket - Raypelvo<\/title>\n<meta name=\"description\" content=\"Apelvo ist ein Beckenboden-Trainingssystem mit smarter Sensor-Technologie, die das Steuern von Spielen am Smartphone erm\u00f6glicht.\" \/>\n<meta name=\"robots\" content=\"noindex, follow, max-snippet:-1, max-image-preview:large, max-video-preview:-1\" \/>\n<meta property=\"og:locale\" content=\"de_DE\" \/>\n<meta property=\"og:type\" content=\"article\" \/>\n<meta property=\"og:title\" content=\"Apelvo-Komplett-Paket - Raypelvo\" \/>\n<meta property=\"og:description\" content=\"Apelvo ist ein Beckenboden-Trainingssystem mit smarter Sensor-Technologie, die das Steuern von Spielen am Smartphone erm\u00f6glicht.\" \/>\n<meta property=\"og:url\" content=\"https:\/\/raycloud.de\/wpdev\/product\/apelvo-komplett-paket\/\" \/>\n<meta property=\"og:site_name\" content=\"Raypelvo\" \/>\n<meta property=\"article:modified_time\" content=\"2025-04-02T09:50:04+00:00\" \/>\n<meta property=\"og:image\" content=\"https:\/\/raycloud.de\/wpdev\/wp-content\/uploads\/2024\/12\/Apelvo-Cave-Rabbit_klein-1.png\" \/>\n\t<meta property=\"og:image:width\" content=\"1000\" \/>\n\t<meta property=\"og:image:height\" content=\"667\" \/>\n\t<meta property=\"og:image:type\" content=\"image\/png\" \/>\n<meta name=\"twitter:card\" content=\"summary_large_image\" \/>\n<meta name=\"twitter:label1\" content=\"Gesch\u00e4tzte Lesezeit\" \/>\n\t<meta name=\"twitter:data1\" content=\"1\u00a0Minute\" \/>\n<script type=\"application\/ld+json\" class=\"yoast-schema-graph\">{\"@context\":\"https:\/\/schema.org\",\"@graph\":[{\"@type\":\"WebPage\",\"@id\":\"https:\/\/raycloud.de\/wpdev\/product\/apelvo-komplett-paket\/\",\"url\":\"https:\/\/raycloud.de\/wpdev\/product\/apelvo-komplett-paket\/\",\"name\":\"Apelvo-Komplett-Paket - Raypelvo\",\"isPartOf\":{\"@id\":\"https:\/\/raycloud.de\/wpdev\/#website\"},\"primaryImageOfPage\":{\"@id\":\"https:\/\/raycloud.de\/wpdev\/product\/apelvo-komplett-paket\/#primaryimage\"},\"image\":{\"@id\":\"https:\/\/raycloud.de\/wpdev\/product\/apelvo-komplett-paket\/#primaryimage\"},\"thumbnailUrl\":\"https:\/\/raycloud.de\/wpdev\/wp-content\/uploads\/2024\/12\/Apelvo-Cave-Rabbit_klein-1.png\",\"datePublished\":\"2024-12-06T15:01:03+00:00\",\"dateModified\":\"2025-04-02T09:50:04+00:00\",\"description\":\"Apelvo ist ein Beckenboden-Trainingssystem mit smarter Sensor-Technologie, die das Steuern von Spielen am Smartphone erm\u00f6glicht.\",\"breadcrumb\":{\"@id\":\"https:\/\/raycloud.de\/wpdev\/product\/apelvo-komplett-paket\/#breadcrumb\"},\"inLanguage\":\"de\",\"potentialAction\":[{\"@type\":\"ReadAction\",\"target\":[\"https:\/\/raycloud.de\/wpdev\/product\/apelvo-komplett-paket\/\"]}]},{\"@type\":\"ImageObject\",\"inLanguage\":\"de\",\"@id\":\"https:\/\/raycloud.de\/wpdev\/product\/apelvo-komplett-paket\/#primaryimage\",\"url\":\"https:\/\/raycloud.de\/wpdev\/wp-content\/uploads\/2024\/12\/Apelvo-Cave-Rabbit_klein-1.png\",\"contentUrl\":\"https:\/\/raycloud.de\/wpdev\/wp-content\/uploads\/2024\/12\/Apelvo-Cave-Rabbit_klein-1.png\",\"width\":1000,\"height\":667},{\"@type\":\"BreadcrumbList\",\"@id\":\"https:\/\/raycloud.de\/wpdev\/product\/apelvo-komplett-paket\/#breadcrumb\",\"itemListElement\":[{\"@type\":\"ListItem\",\"position\":1,\"name\":\"Home\",\"item\":\"https:\/\/raycloud.de\/wpdev\/\"},{\"@type\":\"ListItem\",\"position\":2,\"name\":\"Shop\",\"item\":\"https:\/\/raycloud.de\/wpdev\/shop-2\/\"},{\"@type\":\"ListItem\",\"position\":3,\"name\":\"Apelvo-Komplett-Paket\"}]},{\"@type\":\"WebSite\",\"@id\":\"https:\/\/raycloud.de\/wpdev\/#website\",\"url\":\"https:\/\/raycloud.de\/wpdev\/\",\"name\":\"Raypelvo\",\"description\":\"Dev Site\",\"publisher\":{\"@id\":\"https:\/\/raycloud.de\/wpdev\/#organization\"},\"potentialAction\":[{\"@type\":\"SearchAction\",\"target\":{\"@type\":\"EntryPoint\",\"urlTemplate\":\"https:\/\/raycloud.de\/wpdev\/?s={search_term_string}\"},\"query-input\":{\"@type\":\"PropertyValueSpecification\",\"valueRequired\":true,\"valueName\":\"search_term_string\"}}],\"inLanguage\":\"de\"},{\"@type\":\"Organization\",\"@id\":\"https:\/\/raycloud.de\/wpdev\/#organization\",\"name\":\"Raypelvo\",\"url\":\"https:\/\/raycloud.de\/wpdev\/\",\"logo\":{\"@type\":\"ImageObject\",\"inLanguage\":\"de\",\"@id\":\"https:\/\/raycloud.de\/wpdev\/#\/schema\/logo\/image\/\",\"url\":\"https:\/\/raycloud.de\/wpdev\/wp-content\/uploads\/2024\/11\/apelvo_logo.png\",\"contentUrl\":\"https:\/\/raycloud.de\/wpdev\/wp-content\/uploads\/2024\/11\/apelvo_logo.png\",\"width\":5993,\"height\":1785,\"caption\":\"Raypelvo\"},\"image\":{\"@id\":\"https:\/\/raycloud.de\/wpdev\/#\/schema\/logo\/image\/\"}}]}<\/script>\n<!-- \/ Yoast SEO plugin. -->","yoast_head_json":{"title":"Apelvo-Komplett-Paket - Raypelvo","description":"Apelvo ist ein Beckenboden-Trainingssystem mit smarter Sensor-Technologie, die das Steuern von Spielen am Smartphone erm\u00f6glicht.","robots":{"index":"noindex","follow":"follow","max-snippet":"max-snippet:-1","max-image-preview":"max-image-preview:large","max-video-preview":"max-video-preview:-1"},"og_locale":"de_DE","og_type":"article","og_title":"Apelvo-Komplett-Paket - Raypelvo","og_description":"Apelvo ist ein Beckenboden-Trainingssystem mit smarter Sensor-Technologie, die das Steuern von Spielen am Smartphone erm\u00f6glicht.","og_url":"https:\/\/raycloud.de\/wpdev\/product\/apelvo-komplett-paket\/","og_site_name":"Raypelvo","article_modified_time":"2025-04-02T09:50:04+00:00","og_image":[{"width":1000,"height":667,"url":"https:\/\/raycloud.de\/wpdev\/wp-content\/uploads\/2024\/12\/Apelvo-Cave-Rabbit_klein-1.png","type":"image\/png"}],"twitter_card":"summary_large_image","twitter_misc":{"Gesch\u00e4tzte Lesezeit":"1\u00a0Minute"},"schema":{"@context":"https:\/\/schema.org","@graph":[{"@type":"WebPage","@id":"https:\/\/raycloud.de\/wpdev\/product\/apelvo-komplett-paket\/","url":"https:\/\/raycloud.de\/wpdev\/product\/apelvo-komplett-paket\/","name":"Apelvo-Komplett-Paket - Raypelvo","isPartOf":{"@id":"https:\/\/raycloud.de\/wpdev\/#website"},"primaryImageOfPage":{"@id":"https:\/\/raycloud.de\/wpdev\/product\/apelvo-komplett-paket\/#primaryimage"},"image":{"@id":"https:\/\/raycloud.de\/wpdev\/product\/apelvo-komplett-paket\/#primaryimage"},"thumbnailUrl":"https:\/\/raycloud.de\/wpdev\/wp-content\/uploads\/2024\/12\/Apelvo-Cave-Rabbit_klein-1.png","datePublished":"2024-12-06T15:01:03+00:00","dateModified":"2025-04-02T09:50:04+00:00","description":"Apelvo ist ein Beckenboden-Trainingssystem mit smarter Sensor-Technologie, die das Steuern von Spielen am Smartphone erm\u00f6glicht.","breadcrumb":{"@id":"https:\/\/raycloud.de\/wpdev\/product\/apelvo-komplett-paket\/#breadcrumb"},"inLanguage":"de","potentialAction":[{"@type":"ReadAction","target":["https:\/\/raycloud.de\/wpdev\/product\/apelvo-komplett-paket\/"]}]},{"@type":"ImageObject","inLanguage":"de","@id":"https:\/\/raycloud.de\/wpdev\/product\/apelvo-komplett-paket\/#primaryimage","url":"https:\/\/raycloud.de\/wpdev\/wp-content\/uploads\/2024\/12\/Apelvo-Cave-Rabbit_klein-1.png","contentUrl":"https:\/\/raycloud.de\/wpdev\/wp-content\/uploads\/2024\/12\/Apelvo-Cave-Rabbit_klein-1.png","width":1000,"height":667},{"@type":"BreadcrumbList","@id":"https:\/\/raycloud.de\/wpdev\/product\/apelvo-komplett-paket\/#breadcrumb","itemListElement":[{"@type":"ListItem","position":1,"name":"Home","item":"https:\/\/raycloud.de\/wpdev\/"},{"@type":"ListItem","position":2,"name":"Shop","item":"https:\/\/raycloud.de\/wpdev\/shop-2\/"},{"@type":"ListItem","position":3,"name":"Apelvo-Komplett-Paket"}]},{"@type":"WebSite","@id":"https:\/\/raycloud.de\/wpdev\/#website","url":"https:\/\/raycloud.de\/wpdev\/","name":"Raypelvo","description":"Dev Site","publisher":{"@id":"https:\/\/raycloud.de\/wpdev\/#organization"},"potentialAction":[{"@type":"SearchAction","target":{"@type":"EntryPoint","urlTemplate":"https:\/\/raycloud.de\/wpdev\/?s={search_term_string}"},"query-input":{"@type":"PropertyValueSpecification","valueRequired":true,"valueName":"search_term_string"}}],"inLanguage":"de"},{"@type":"Organization","@id":"https:\/\/raycloud.de\/wpdev\/#organization","name":"Raypelvo","url":"https:\/\/raycloud.de\/wpdev\/","logo":{"@type":"ImageObject","inLanguage":"de","@id":"https:\/\/raycloud.de\/wpdev\/#\/schema\/logo\/image\/","url":"https:\/\/raycloud.de\/wpdev\/wp-content\/uploads\/2024\/11\/apelvo_logo.png","contentUrl":"https:\/\/raycloud.de\/wpdev\/wp-content\/uploads\/2024\/11\/apelvo_logo.png","width":5993,"height":1785,"caption":"Raypelvo"},"image":{"@id":"https:\/\/raycloud.de\/wpdev\/#\/schema\/logo\/image\/"}}]}},"_links":{"self":[{"href":"https:\/\/raycloud.de\/wpdev\/wp-json\/wp\/v2\/product\/135","targetHints":{"allow":["GET"]}}],"collection":[{"href":"https:\/\/raycloud.de\/wpdev\/wp-json\/wp\/v2\/product"}],"about":[{"href":"https:\/\/raycloud.de\/wpdev\/wp-json\/wp\/v2\/types\/product"}],"replies":[{"embeddable":true,"href":"https:\/\/raycloud.de\/wpdev\/wp-json\/wp\/v2\/comments?post=135"}],"wp:featuredmedia":[{"embeddable":true,"href":"https:\/\/raycloud.de\/wpdev\/wp-json\/wp\/v2\/media\/192"}],"wp:attachment":[{"href":"https:\/\/raycloud.de\/wpdev\/wp-json\/wp\/v2\/media?parent=135"}],"wp:term":[{"taxonomy":"product_brand","embeddable":true,"href":"https:\/\/raycloud.de\/wpdev\/wp-json\/wp\/v2\/product_brand?post=135"},{"taxonomy":"product_cat","embeddable":true,"href":"https:\/\/raycloud.de\/wpdev\/wp-json\/wp\/v2\/product_cat?post=135"},{"taxonomy":"product_tag","embeddable":true,"href":"https:\/\/raycloud.de\/wpdev\/wp-json\/wp\/v2\/product_tag?post=135"}],"curies":[{"name":"wp","href":"https:\/\/api.w.org\/{rel}","templated":true}]}}