{"id":183,"date":"2024-12-06T16:01:26","date_gmt":"2024-12-06T15:01:26","guid":{"rendered":"https:\/\/raycloud.de\/wpdev\/?post_type=product&#038;p=183"},"modified":"2025-05-20T12:37:44","modified_gmt":"2025-05-20T10:37:44","slug":"nachfullpack-oberflachenelektroden","status":"publish","type":"product","link":"https:\/\/raycloud.de\/wpdev\/product\/nachfullpack-oberflachenelektroden\/","title":{"rendered":"Nachf\u00fcllpack Oberfl\u00e4chenelektroden"},"content":{"rendered":"","protected":false},"excerpt":{"rendered":"<p><strong>Preis pro Elektroden-Paar: ca. 0,84 \u20ac<\/strong><\/p>\n<p><strong>Im Apelvo-Komplett-Paket sind 60 Einwegelektroden dabei. Sind diese aufgebraucht, kannst du einfach ein Nachf\u00fcllpack nachbestellen und weitertrainieren.<\/strong><\/p>\n<p><span data-contrast=\"auto\">Du willst nicht nur kurz mal trainieren, sondern deinen Sensor den ganzen Tag tragen und auch unterwegs mal zocken? Die Einweg-Oberfl\u00e4chenelektroden machen das m\u00f6glich. Kalkuliere bitte, dass du f\u00fcr jeden Trainingstag zwei Oberfl\u00e4chenelektroden ben\u00f6tigst. <\/span><\/p>\n<p><span data-contrast=\"auto\">Du m\u00f6chtest nur zwischendurch f\u00fcr 10 Minuten trainieren? Dann k\u00f6nnen die Oberfl\u00e4chenelektroden auch mehrmals verwendet werden. Klebe sie daf\u00fcr einfach nach der Trainingseinheit wieder auf den Folientr\u00e4ger.\u00a0<\/span><\/p>\n","protected":false},"featured_media":137,"comment_status":"closed","ping_status":"closed","template":"","meta":[],"product_brand":[],"product_cat":[24],"product_tag":[],"class_list":{"0":"post-183","1":"product","2":"type-product","3":"status-publish","4":"has-post-thumbnail","6":"product_cat-apelvo","8":"first","9":"instock","10":"taxable","11":"shipping-taxable","12":"purchasable","13":"product-type-simple"},"yoast_head":"<!-- This site is optimized with the Yoast SEO plugin v25.6 - https:\/\/yoast.com\/wordpress\/plugins\/seo\/ -->\n<title>Nachf\u00fcllpack Oberfl\u00e4chenelektroden - Raypelvo<\/title>\n<meta name=\"robots\" content=\"noindex, follow, max-snippet:-1, max-image-preview:large, max-video-preview:-1\" \/>\n<meta property=\"og:locale\" content=\"de_DE\" \/>\n<meta property=\"og:type\" content=\"article\" \/>\n<meta property=\"og:title\" content=\"Nachf\u00fcllpack Oberfl\u00e4chenelektroden - Raypelvo\" \/>\n<meta property=\"og:description\" content=\"Preis pro Elektroden-Paar: ca. 0,84 \u20ac  Im Apelvo-Komplett-Paket sind 60 Einwegelektroden dabei. Sind diese aufgebraucht, kannst du einfach ein Nachf\u00fcllpack nachbestellen und weitertrainieren.  Du willst nicht nur kurz mal trainieren, sondern deinen Sensor den ganzen Tag tragen und auch unterwegs mal zocken? Die Einweg-Oberfl\u00e4chenelektroden machen das m\u00f6glich. Kalkuliere bitte, dass du f\u00fcr jeden Trainingstag zwei Oberfl\u00e4chenelektroden ben\u00f6tigst.   Du m\u00f6chtest nur zwischendurch f\u00fcr 10 Minuten trainieren? Dann k\u00f6nnen die Oberfl\u00e4chenelektroden auch mehrmals verwendet werden. Klebe sie daf\u00fcr einfach nach der Trainingseinheit wieder auf den Folientr\u00e4ger.\u00a0\" \/>\n<meta property=\"og:url\" content=\"https:\/\/raycloud.de\/wpdev\/product\/nachfullpack-oberflachenelektroden\/\" \/>\n<meta property=\"og:site_name\" content=\"Raypelvo\" \/>\n<meta property=\"article:modified_time\" content=\"2025-05-20T10:37:44+00:00\" \/>\n<meta property=\"og:image\" content=\"https:\/\/raycloud.de\/wpdev\/wp-content\/uploads\/2024\/12\/Oberflachenelektroden_Klein.png\" \/>\n\t<meta property=\"og:image:width\" content=\"1469\" \/>\n\t<meta property=\"og:image:height\" content=\"979\" \/>\n\t<meta property=\"og:image:type\" content=\"image\/png\" \/>\n<meta name=\"twitter:card\" content=\"summary_large_image\" \/>\n<meta name=\"twitter:label1\" content=\"Gesch\u00e4tzte Lesezeit\" \/>\n\t<meta name=\"twitter:data1\" content=\"1\u00a0Minute\" \/>\n<script type=\"application\/ld+json\" class=\"yoast-schema-graph\">{\"@context\":\"https:\/\/schema.org\",\"@graph\":[{\"@type\":\"WebPage\",\"@id\":\"https:\/\/raycloud.de\/wpdev\/product\/nachfullpack-oberflachenelektroden\/\",\"url\":\"https:\/\/raycloud.de\/wpdev\/product\/nachfullpack-oberflachenelektroden\/\",\"name\":\"Nachf\u00fcllpack Oberfl\u00e4chenelektroden - Raypelvo\",\"isPartOf\":{\"@id\":\"https:\/\/raycloud.de\/wpdev\/#website\"},\"primaryImageOfPage\":{\"@id\":\"https:\/\/raycloud.de\/wpdev\/product\/nachfullpack-oberflachenelektroden\/#primaryimage\"},\"image\":{\"@id\":\"https:\/\/raycloud.de\/wpdev\/product\/nachfullpack-oberflachenelektroden\/#primaryimage\"},\"thumbnailUrl\":\"https:\/\/raycloud.de\/wpdev\/wp-content\/uploads\/2024\/12\/Oberflachenelektroden_Klein.png\",\"datePublished\":\"2024-12-06T15:01:26+00:00\",\"dateModified\":\"2025-05-20T10:37:44+00:00\",\"breadcrumb\":{\"@id\":\"https:\/\/raycloud.de\/wpdev\/product\/nachfullpack-oberflachenelektroden\/#breadcrumb\"},\"inLanguage\":\"de\",\"potentialAction\":[{\"@type\":\"ReadAction\",\"target\":[\"https:\/\/raycloud.de\/wpdev\/product\/nachfullpack-oberflachenelektroden\/\"]}]},{\"@type\":\"ImageObject\",\"inLanguage\":\"de\",\"@id\":\"https:\/\/raycloud.de\/wpdev\/product\/nachfullpack-oberflachenelektroden\/#primaryimage\",\"url\":\"https:\/\/raycloud.de\/wpdev\/wp-content\/uploads\/2024\/12\/Oberflachenelektroden_Klein.png\",\"contentUrl\":\"https:\/\/raycloud.de\/wpdev\/wp-content\/uploads\/2024\/12\/Oberflachenelektroden_Klein.png\",\"width\":1469,\"height\":979,\"caption\":\"Viele runde Oberfl\u00e4chenelektroden auf Transferfolien.\"},{\"@type\":\"BreadcrumbList\",\"@id\":\"https:\/\/raycloud.de\/wpdev\/product\/nachfullpack-oberflachenelektroden\/#breadcrumb\",\"itemListElement\":[{\"@type\":\"ListItem\",\"position\":1,\"name\":\"Home\",\"item\":\"https:\/\/raycloud.de\/wpdev\/\"},{\"@type\":\"ListItem\",\"position\":2,\"name\":\"Shop\",\"item\":\"https:\/\/raycloud.de\/wpdev\/shop-2\/\"},{\"@type\":\"ListItem\",\"position\":3,\"name\":\"Nachf\u00fcllpack Oberfl\u00e4chenelektroden\"}]},{\"@type\":\"WebSite\",\"@id\":\"https:\/\/raycloud.de\/wpdev\/#website\",\"url\":\"https:\/\/raycloud.de\/wpdev\/\",\"name\":\"Raypelvo\",\"description\":\"Dev Site\",\"publisher\":{\"@id\":\"https:\/\/raycloud.de\/wpdev\/#organization\"},\"potentialAction\":[{\"@type\":\"SearchAction\",\"target\":{\"@type\":\"EntryPoint\",\"urlTemplate\":\"https:\/\/raycloud.de\/wpdev\/?s={search_term_string}\"},\"query-input\":{\"@type\":\"PropertyValueSpecification\",\"valueRequired\":true,\"valueName\":\"search_term_string\"}}],\"inLanguage\":\"de\"},{\"@type\":\"Organization\",\"@id\":\"https:\/\/raycloud.de\/wpdev\/#organization\",\"name\":\"Raypelvo\",\"url\":\"https:\/\/raycloud.de\/wpdev\/\",\"logo\":{\"@type\":\"ImageObject\",\"inLanguage\":\"de\",\"@id\":\"https:\/\/raycloud.de\/wpdev\/#\/schema\/logo\/image\/\",\"url\":\"https:\/\/raycloud.de\/wpdev\/wp-content\/uploads\/2024\/11\/apelvo_logo.png\",\"contentUrl\":\"https:\/\/raycloud.de\/wpdev\/wp-content\/uploads\/2024\/11\/apelvo_logo.png\",\"width\":5993,\"height\":1785,\"caption\":\"Raypelvo\"},\"image\":{\"@id\":\"https:\/\/raycloud.de\/wpdev\/#\/schema\/logo\/image\/\"}}]}<\/script>\n<!-- \/ Yoast SEO plugin. -->","yoast_head_json":{"title":"Nachf\u00fcllpack Oberfl\u00e4chenelektroden - Raypelvo","robots":{"index":"noindex","follow":"follow","max-snippet":"max-snippet:-1","max-image-preview":"max-image-preview:large","max-video-preview":"max-video-preview:-1"},"og_locale":"de_DE","og_type":"article","og_title":"Nachf\u00fcllpack Oberfl\u00e4chenelektroden - Raypelvo","og_description":"Preis pro Elektroden-Paar: ca. 0,84 \u20ac  Im Apelvo-Komplett-Paket sind 60 Einwegelektroden dabei. Sind diese aufgebraucht, kannst du einfach ein Nachf\u00fcllpack nachbestellen und weitertrainieren.  Du willst nicht nur kurz mal trainieren, sondern deinen Sensor den ganzen Tag tragen und auch unterwegs mal zocken? Die Einweg-Oberfl\u00e4chenelektroden machen das m\u00f6glich. Kalkuliere bitte, dass du f\u00fcr jeden Trainingstag zwei Oberfl\u00e4chenelektroden ben\u00f6tigst.   Du m\u00f6chtest nur zwischendurch f\u00fcr 10 Minuten trainieren? Dann k\u00f6nnen die Oberfl\u00e4chenelektroden auch mehrmals verwendet werden. Klebe sie daf\u00fcr einfach nach der Trainingseinheit wieder auf den Folientr\u00e4ger.\u00a0","og_url":"https:\/\/raycloud.de\/wpdev\/product\/nachfullpack-oberflachenelektroden\/","og_site_name":"Raypelvo","article_modified_time":"2025-05-20T10:37:44+00:00","og_image":[{"width":1469,"height":979,"url":"https:\/\/raycloud.de\/wpdev\/wp-content\/uploads\/2024\/12\/Oberflachenelektroden_Klein.png","type":"image\/png"}],"twitter_card":"summary_large_image","twitter_misc":{"Gesch\u00e4tzte Lesezeit":"1\u00a0Minute"},"schema":{"@context":"https:\/\/schema.org","@graph":[{"@type":"WebPage","@id":"https:\/\/raycloud.de\/wpdev\/product\/nachfullpack-oberflachenelektroden\/","url":"https:\/\/raycloud.de\/wpdev\/product\/nachfullpack-oberflachenelektroden\/","name":"Nachf\u00fcllpack Oberfl\u00e4chenelektroden - Raypelvo","isPartOf":{"@id":"https:\/\/raycloud.de\/wpdev\/#website"},"primaryImageOfPage":{"@id":"https:\/\/raycloud.de\/wpdev\/product\/nachfullpack-oberflachenelektroden\/#primaryimage"},"image":{"@id":"https:\/\/raycloud.de\/wpdev\/product\/nachfullpack-oberflachenelektroden\/#primaryimage"},"thumbnailUrl":"https:\/\/raycloud.de\/wpdev\/wp-content\/uploads\/2024\/12\/Oberflachenelektroden_Klein.png","datePublished":"2024-12-06T15:01:26+00:00","dateModified":"2025-05-20T10:37:44+00:00","breadcrumb":{"@id":"https:\/\/raycloud.de\/wpdev\/product\/nachfullpack-oberflachenelektroden\/#breadcrumb"},"inLanguage":"de","potentialAction":[{"@type":"ReadAction","target":["https:\/\/raycloud.de\/wpdev\/product\/nachfullpack-oberflachenelektroden\/"]}]},{"@type":"ImageObject","inLanguage":"de","@id":"https:\/\/raycloud.de\/wpdev\/product\/nachfullpack-oberflachenelektroden\/#primaryimage","url":"https:\/\/raycloud.de\/wpdev\/wp-content\/uploads\/2024\/12\/Oberflachenelektroden_Klein.png","contentUrl":"https:\/\/raycloud.de\/wpdev\/wp-content\/uploads\/2024\/12\/Oberflachenelektroden_Klein.png","width":1469,"height":979,"caption":"Viele runde Oberfl\u00e4chenelektroden auf Transferfolien."},{"@type":"BreadcrumbList","@id":"https:\/\/raycloud.de\/wpdev\/product\/nachfullpack-oberflachenelektroden\/#breadcrumb","itemListElement":[{"@type":"ListItem","position":1,"name":"Home","item":"https:\/\/raycloud.de\/wpdev\/"},{"@type":"ListItem","position":2,"name":"Shop","item":"https:\/\/raycloud.de\/wpdev\/shop-2\/"},{"@type":"ListItem","position":3,"name":"Nachf\u00fcllpack Oberfl\u00e4chenelektroden"}]},{"@type":"WebSite","@id":"https:\/\/raycloud.de\/wpdev\/#website","url":"https:\/\/raycloud.de\/wpdev\/","name":"Raypelvo","description":"Dev Site","publisher":{"@id":"https:\/\/raycloud.de\/wpdev\/#organization"},"potentialAction":[{"@type":"SearchAction","target":{"@type":"EntryPoint","urlTemplate":"https:\/\/raycloud.de\/wpdev\/?s={search_term_string}"},"query-input":{"@type":"PropertyValueSpecification","valueRequired":true,"valueName":"search_term_string"}}],"inLanguage":"de"},{"@type":"Organization","@id":"https:\/\/raycloud.de\/wpdev\/#organization","name":"Raypelvo","url":"https:\/\/raycloud.de\/wpdev\/","logo":{"@type":"ImageObject","inLanguage":"de","@id":"https:\/\/raycloud.de\/wpdev\/#\/schema\/logo\/image\/","url":"https:\/\/raycloud.de\/wpdev\/wp-content\/uploads\/2024\/11\/apelvo_logo.png","contentUrl":"https:\/\/raycloud.de\/wpdev\/wp-content\/uploads\/2024\/11\/apelvo_logo.png","width":5993,"height":1785,"caption":"Raypelvo"},"image":{"@id":"https:\/\/raycloud.de\/wpdev\/#\/schema\/logo\/image\/"}}]}},"_links":{"self":[{"href":"https:\/\/raycloud.de\/wpdev\/wp-json\/wp\/v2\/product\/183","targetHints":{"allow":["GET"]}}],"collection":[{"href":"https:\/\/raycloud.de\/wpdev\/wp-json\/wp\/v2\/product"}],"about":[{"href":"https:\/\/raycloud.de\/wpdev\/wp-json\/wp\/v2\/types\/product"}],"replies":[{"embeddable":true,"href":"https:\/\/raycloud.de\/wpdev\/wp-json\/wp\/v2\/comments?post=183"}],"wp:featuredmedia":[{"embeddable":true,"href":"https:\/\/raycloud.de\/wpdev\/wp-json\/wp\/v2\/media\/137"}],"wp:attachment":[{"href":"https:\/\/raycloud.de\/wpdev\/wp-json\/wp\/v2\/media?parent=183"}],"wp:term":[{"taxonomy":"product_brand","embeddable":true,"href":"https:\/\/raycloud.de\/wpdev\/wp-json\/wp\/v2\/product_brand?post=183"},{"taxonomy":"product_cat","embeddable":true,"href":"https:\/\/raycloud.de\/wpdev\/wp-json\/wp\/v2\/product_cat?post=183"},{"taxonomy":"product_tag","embeddable":true,"href":"https:\/\/raycloud.de\/wpdev\/wp-json\/wp\/v2\/product_tag?post=183"}],"curies":[{"name":"wp","href":"https:\/\/api.w.org\/{rel}","templated":true}]}}